ime factors of 15639600?
2, 3, 5, 13033
List the prime factors of 2858109.
3, 113, 8431
List the prime factors of 1263387.
3, 353, 1193
List the prime factors of 7012189.
41, 171029
List the prime factors of 373058.
2, 7, 26647
List the prime factors of 31674069.
3, 7, 139, 3617
List the prime factors of 9992174.
2, 4996087
List the prime factors of 1820448.
2, 3, 7, 43
List the prime factors of 20849609.
11, 349, 5431
What are the prime factors of 313179?
3, 104393
What are the prime factors of 271382?
2, 29, 4679
What are the prime factors of 436674?
2, 3, 7, 37, 281
What are the prime factors of 5578554?
2, 3, 67, 13877
List the prime factors of 28009961.
7, 853, 4691
What are the prime factors of 229958?
2, 31, 3709
List the prime factors of 1736910.
2, 3, 5, 7, 919
What are the prime factors of 8688728?
2, 1086091
List the prime factors of 525902.
2, 13, 113, 179
List the prime factors of 5369.
7, 13, 59
List the prime factors of 74961.
3, 8329
What are the prime factors of 8574529?
19, 59, 7649
What are the prime factors of 155123?
61, 2543
What are the prime factors of 3935219?
3935219
List the prime factors of 2650589.
17, 23, 6779
What are the prime factors of 2691953?
11, 101, 2423
What are the prime factors of 21312254?
2, 17, 53, 11827
List the prime factors of 9173207.
739, 12413
List the prime factors of 744055.
5, 13, 11447
List the prime factors of 248016.
2, 3, 5167
What are the prime factors of 1045085?
5, 197, 1061
What are the prime factors of 293063?
17, 17239
List the prime factors of 7920243.
3, 880027
What are the prime factors of 1078655?
5, 29, 43, 173
List the prime factors of 445129.
31, 83, 173
What are the prime factors of 17385393?
3, 191, 30341
List the prime factors of 341292.
2, 3, 7, 17, 239
List the prime factors of 595316.
2, 148829
List the prime factors of 27844.
2, 6961
List the prime factors of 27930751.
27930751
List the prime factors of 39182.
2, 11, 13, 137
List the prime factors of 10054946.
2, 11, 457043
What are the prime factors of 741815?
5, 89, 1667
What are the prime factors of 14826179?
14826179
What are the prime factors of 2475965?
5, 17, 29129
List the prime factors of 1286280.
2, 3, 5, 397
List the prime factors of 624265.
5, 124853
What are the prime factors of 290501?
31, 9371
List the prime factors of 14436338.
2, 7, 983, 1049
List the prime factors of 3487611.
3, 1162537
List the prime factors of 143534.
2, 43, 1669
What are the prime factors of 757093?
19, 39847
List the prime factors of 625279.
625279
List the prime factors of 21714360.
2, 3, 5, 59, 3067
List the prime factors of 98529.
3, 32843
What are the prime factors of 8186024?
2, 7, 11, 97, 137
What are the prime factors of 10053905?
5, 419, 4799
List the prime factors of 1642973.
59, 27847
List the prime factors of 1041744.
2, 3, 11, 1973
What are the prime factors of 1092001?
677, 1613
What are the prime factors of 23748588?
2, 3, 331, 1993
What are the prime factors of 12057?
3, 4019
List the prime factors of 1014600.
2, 3, 5, 19, 89
List the prime factors of 459780.
2, 3, 5, 79, 97
What are the prime factors of 4724121?
3, 31, 79, 643
What are the prime factors of 1114590?
2, 3, 5, 53, 701
What are the prime factors of 837090?
2, 3, 5, 71, 131
What are the prime factors of 872616?
2, 3, 103, 353
List the prime factors of 378999.
3, 4679
What are the prime factors of 387898?
2, 7, 103, 269
What are the prime factors of 21341860?
2, 5, 137, 7789
What are the prime factors of 464896?
2, 227
List the prime factors of 2416455.
3, 5, 53699
List the prime factors of 383641.
29, 13229
What are the prime factors of 772807?
7, 113, 977
What are the prime factors of 330837?
3, 13, 17, 499
What are the prime factors of 289012?
2, 72253
List the prime factors of 1167594.
2, 3, 17, 11447
List the prime factors of 9943575.
3, 5, 197, 673
What are the prime factors of 2415258?
2, 3, 17, 877
What are the prime factors of 855159?
3, 61, 4673
What are the prime factors of 963166?
2, 439, 1097
What are the prime factors of 2500938?
2, 3, 11, 17, 743
What are the prime factors of 3140744?
2, 392593
List the prime factors of 1030589.
7, 147227
List the prime factors of 2180843.
7, 44507
What are the prime factors of 229949?
229949
What are the prime factors of 13476005?
5, 103, 137, 191
List the prime factors of 107583.
3, 7, 47, 109
What are the prime factors of 755705?
5, 151141
List the prime factors of 759401.
759401
List the prime factors of 22719182.
2, 11359591
What are the prime factors of 1233789?
3, 23, 17881
List the prime factors of 314892.
2, 3, 8747
List the prime factors of 1162102.
2, 241, 2411
What are the prime factors of 426353?
426353
What are the prime factors of 1966844?
2, 11, 44701
List the prime factors of 5203707.
3, 409, 4241
What are the prime factors of 1855528?
2, 137, 1693
What are the prime factors of 31114?
2, 47, 331
List the prime factors of 49293.
3, 5477
List the prime factors of 523683.
3, 31, 1877
What are the prime factors of 33464295?
3, 5, 61, 73, 167
List the prime factors of 12655.
5, 2531
List the prime factors of 509236.
2, 7, 13, 1399
List the prime factors of 1053087.
3, 7, 50147
What are the prime factors of 218553?
3, 263, 277
What are the prime factors of 2096424?
2, 3, 11, 2647
What are the prime factors of 10778141?
11, 979831
What are the prime factors of 253364?
2, 97, 653
List the prime factors of 1789192.
2, 19, 79, 149
List the prime factors of 1349062.
2, 11, 13, 53, 89
What are the prime factors of 3106388?
2, 67, 173
List the prime factors of 27608.
2, 7, 17, 29
List the prime factors of 417409.
71, 5879
List the prime factors of 65338.
2, 7, 13, 359
List the prime factors of 2098047.
3, 7, 99907
What are the prime factors of 1845961?
13, 149, 953
List the prime factors of 7212840.
2, 3, 5, 60107
List the prime factors of 3317512.
2, 11, 37699
List the prime factors of 152590.
2, 5, 15259
List the prime factors of 472490.
2, 5, 37, 1277
What are the prime factors of 21687310?
2, 5, 2168731
List the prime factors of 1694018.
2, 847009
What are the prime factors of 4500927?
3, 181, 307
List the prime factors of 1859004.
2, 3, 7, 2459
What are the prime factors of 1531619?
1531619
What are the prime factors of 21591719?
43, 502133
List the prime factors of 45549.
3, 7, 241
What are the prime factors of 1305902?
2, 13, 50227
List the prime factors of 858430.
2, 5, 85843
What are the prime factors of 302912?
2, 4733
What are the prime factors of 1575692?
2, 43, 9161
List the prime factors of 830103.
3, 89, 3109
What are the prime factors of 238667?
11, 13, 1669
What are the prime factors of 393633?
3, 61, 239
What are the prime factors of 4077293?
11, 370663
What are the prime factors of 4009172?
2, 37, 103, 263
List the prime factors of 2692488.
2, 3, 43, 2609
What are the prime factors of 851016?
2, 3, 59, 601
List the prime factors of 649090.
2, 5, 13, 4993
What are the prime factors of 1743158?
2, 409, 2131
List the prime factors of 725643.
3, 80627
List the prime factors of 135986.
2, 67993
What are the prime factors of 5466213?
3, 607357
List the prime factors of 29478351.
3, 7, 127, 1579
List the prime factors of 294444.
2, 3, 8179
List the prime factors of 865972.
2, 216493
List the prime factors of 132246.
2, 3, 31, 79
List the prime factors of 175906.
2, 281, 313
What are the prime factors of 550171?
17, 32363
List the prime factors of 9454835.
5, 13, 145459
What are the prime factors of 224046?
2, 3, 461
List the prime factors of 12809285.
5, 2561857
What are the prime factors of 51853?
51853
List the prime factors of 185016.
2, 3, 13, 593
What are the prime factors of 5396499?
3, 599611
What are the prime factors of 172107?
3, 13, 1471
List the prime factors of 707011.
707011
What are the prime factors of 2281435?
5, 13, 35099
What are the prime factors of 4713643?
11, 23, 31, 601
What are the prime factors of 34060864?
2, 103, 5167
What are the prime factors of 200093?
73, 2741
What are the prime factors of 372107?
372107
What are the prime factors of 448383?
3, 13, 11497
List the prime factors of 297495.
3, 5, 11, 601
What are the prime factors of 6266426?
2, 3133213
What are the prime factors of 8916333?
3, 227, 13093
What are the prime factors of 2349671?
47, 49993
Wh